[INFO] cloning repository https://github.com/Steven-Chang/secret-alias
[INFO] running `Command { std: "git" "-c" "credential.helper=" "-c" "credential.helper=/workspace/cargo-home/bin/git-credential-null" "clone" "--bare" "https://github.com/Steven-Chang/secret-alias" "/workspace/cache/git-repos/https%3A%2F%2Fgithub.com%2FSteven-Chang%2Fsecret-alias", kill_on_drop: false }`
[INFO] [stderr] Cloning into bare repository '/workspace/cache/git-repos/https%3A%2F%2Fgithub.com%2FSteven-Chang%2Fsecret-alias'...
[INFO] running `Command { std: "git" "rev-parse" "HEAD", kill_on_drop: false }`
[INFO] [stdout] 0174bcc36f381c1da3b05653e0290e3496c7f0e8
[INFO] building Steven-Chang/secret-alias against master#881c1ac408d93bb7adaa3a51dabab9266e82eee8 for issue-85264
[INFO] running `Command { std: "git" "clone" "/workspace/cache/git-repos/https%3A%2F%2Fgithub.com%2FSteven-Chang%2Fsecret-alias" "/workspace/builds/worker-14/source", kill_on_drop: false }`
[INFO] [stderr] Cloning into '/workspace/builds/worker-14/source'...
[INFO] [stderr] done.
[INFO] validating manifest of git repo https://github.com/Steven-Chang/secret-alias on toolchain 881c1ac408d93bb7adaa3a51dabab9266e82eee8
[INFO] running `Command { std: "/workspace/cargo-home/bin/cargo" "+881c1ac408d93bb7adaa3a51dabab9266e82eee8" "metadata" "--manifest-path" "Cargo.toml" "--no-deps", kill_on_drop: false }`
[INFO] removed /workspace/builds/worker-14/source/.cargo/config
[INFO] started tweaking git repo https://github.com/Steven-Chang/secret-alias
[INFO] finished tweaking git repo https://github.com/Steven-Chang/secret-alias
[INFO] tweaked toml for git repo https://github.com/Steven-Chang/secret-alias written to /workspace/builds/worker-14/source/Cargo.toml
[INFO] crate git repo https://github.com/Steven-Chang/secret-alias already has a lockfile, it will not be regenerated
[INFO] running `Command { std: "/workspace/cargo-home/bin/cargo" "+881c1ac408d93bb7adaa3a51dabab9266e82eee8" "fetch" "--manifest-path" "Cargo.toml", kill_on_drop: false }`
[INFO] [stderr]     Updating git repository `https://github.com/enigmampc/SecretNetwork`
[INFO] [stderr]     Updating git repository `https://github.com/enigmampc/secret-toolkit`
[INFO] [stderr]  Downloading crates ...
[INFO] [stderr]   Downloaded schemars_derive v0.7.6
[INFO] [stderr]   Downloaded serde-json-wasm v0.2.3
[INFO] [stderr]   Downloaded cpufeatures v0.1.3
[INFO] [stderr]   Downloaded schemars v0.7.6
[INFO] [stderr]   Downloaded snafu-derive v0.6.10
[INFO] [stderr]   Downloaded snafu v0.6.10
[INFO] [stderr]   Downloaded serde_derive_internals v0.25.0
[INFO] [stderr]   Downloaded bincode2 v2.0.1
[INFO] running `Command { std: "docker" "create" "-v" "/var/lib/crater-agent-workspace/builds/worker-14/target:/opt/rustwide/target:rw,Z" "-v" "/var/lib/crater-agent-workspace/builds/worker-14/source:/opt/rustwide/workdir:ro,Z" "-v" "/var/lib/crater-agent-workspace/cargo-home:/opt/rustwide/cargo-home:ro,Z" "-v" "/var/lib/crater-agent-workspace/rustup-home:/opt/rustwide/rustup-home:ro,Z" "-e" "SOURCE_DIR=/opt/rustwide/workdir" "-e" "CARGO_TARGET_DIR=/opt/rustwide/target" "-e" "CARGO_HOME=/opt/rustwide/cargo-home" "-e" "RUSTUP_HOME=/opt/rustwide/rustup-home" "-w" "/opt/rustwide/workdir" "-m" "1610612736" "--user" "0:0" "--network" "none" "ghcr.io/rust-lang/crates-build-env/linux@sha256:20528e8c29e4536546f0102ce88568b16ea7538393a33fcca951030f7af10457" "/opt/rustwide/cargo-home/bin/cargo" "+881c1ac408d93bb7adaa3a51dabab9266e82eee8" "metadata" "--no-deps" "--format-version=1", kill_on_drop: false }`
[INFO] [stdout] 0c1731adaa976449683fab716ea349f58ea042dd245d8a9eb8fd5a8a613bbd04
[INFO] [stderr] WARNING: Your kernel does not support swap limit capabilities or the cgroup is not mounted. Memory limited without swap.
[INFO] running `Command { std: "docker" "start" "-a" "0c1731adaa976449683fab716ea349f58ea042dd245d8a9eb8fd5a8a613bbd04", kill_on_drop: false }`
[INFO] running `Command { std: "docker" "inspect" "0c1731adaa976449683fab716ea349f58ea042dd245d8a9eb8fd5a8a613bbd04", kill_on_drop: false }`
[INFO] running `Command { std: "docker" "rm" "-f" "0c1731adaa976449683fab716ea349f58ea042dd245d8a9eb8fd5a8a613bbd04", kill_on_drop: false }`
[INFO] [stdout] 0c1731adaa976449683fab716ea349f58ea042dd245d8a9eb8fd5a8a613bbd04
[INFO] running `Command { std: "docker" "create" "-v" "/var/lib/crater-agent-workspace/builds/worker-14/target:/opt/rustwide/target:rw,Z" "-v" "/var/lib/crater-agent-workspace/builds/worker-14/source:/opt/rustwide/workdir:ro,Z" "-v" "/var/lib/crater-agent-workspace/cargo-home:/opt/rustwide/cargo-home:ro,Z" "-v" "/var/lib/crater-agent-workspace/rustup-home:/opt/rustwide/rustup-home:ro,Z" "-e" "SOURCE_DIR=/opt/rustwide/workdir" "-e" "CARGO_TARGET_DIR=/opt/rustwide/target" "-e" "CARGO_INCREMENTAL=0" "-e" "RUST_BACKTRACE=full" "-e" "RUSTFLAGS=--cap-lints=forbid" "-e" "CARGO_HOME=/opt/rustwide/cargo-home" "-e" "RUSTUP_HOME=/opt/rustwide/rustup-home" "-w" "/opt/rustwide/workdir" "-m" "1610612736" "--user" "0:0" "--network" "none" "ghcr.io/rust-lang/crates-build-env/linux@sha256:20528e8c29e4536546f0102ce88568b16ea7538393a33fcca951030f7af10457" "/opt/rustwide/cargo-home/bin/cargo" "+881c1ac408d93bb7adaa3a51dabab9266e82eee8" "build" "--frozen" "--message-format=json", kill_on_drop: false }`
[INFO] [stdout] f0edc5d2976e21e6f95c8126663808b76e0472f526ef62959ed5ad4fcef1b8e1
[INFO] [stderr] WARNING: Your kernel does not support swap limit capabilities or the cgroup is not mounted. Memory limited without swap.
[INFO] running `Command { std: "docker" "start" "-a" "f0edc5d2976e21e6f95c8126663808b76e0472f526ef62959ed5ad4fcef1b8e1", kill_on_drop: false }`
[INFO] [stderr]    Compiling syn v1.0.64
[INFO] [stderr]    Compiling serde v1.0.124
[INFO] [stderr]    Compiling schemars v0.7.6
[INFO] [stderr]    Compiling rand_core v0.5.1
[INFO] [stderr]    Compiling ppv-lite86 v0.2.10
[INFO] [stderr]    Compiling cpufeatures v0.1.3
[INFO] [stderr]    Compiling generic-array v0.12.4
[INFO] [stderr]    Compiling digest v0.9.0
[INFO] [stderr]    Compiling sha2 v0.9.5
[INFO] [stderr]    Compiling digest v0.8.1
[INFO] [stderr]    Compiling crypto-mac v0.7.0
[INFO] [stderr]    Compiling block-buffer v0.7.3
[INFO] [stderr]    Compiling rand_chacha v0.2.2
[INFO] [stderr]    Compiling hmac v0.7.1
[INFO] [stderr]    Compiling sha2 v0.8.2
[INFO] [stderr]    Compiling hmac-drbg v0.2.0
[INFO] [stderr]    Compiling rand v0.7.3
[INFO] [stderr]    Compiling libsecp256k1 v0.3.5
[INFO] [stderr]    Compiling serde_derive_internals v0.25.0
[INFO] [stderr]    Compiling serde_derive v1.0.124
[INFO] [stderr]    Compiling schemars_derive v0.7.6
[INFO] [stderr]    Compiling snafu-derive v0.6.10
[INFO] [stderr]    Compiling snafu v0.6.10
[INFO] [stderr]    Compiling serde_json v1.0.64
[INFO] [stderr]    Compiling serde-json-wasm v0.2.3
[INFO] [stderr]    Compiling bincode2 v2.0.1
[INFO] [stderr]    Compiling cosmwasm-std v0.10.0 (https://github.com/enigmampc/SecretNetwork?tag=v1.0.0#490fba92)
[INFO] [stderr]    Compiling cosmwasm-schema v0.10.0 (https://github.com/enigmampc/SecretNetwork?tag=v1.0.0#490fba92)
[INFO] [stderr]    Compiling secret-toolkit-utils v0.1.0 (https://github.com/enigmampc/secret-toolkit#87b3a5d7)
[INFO] [stderr]    Compiling secret-toolkit-serialization v0.1.0 (https://github.com/enigmampc/secret-toolkit#87b3a5d7)
[INFO] [stderr]    Compiling cosmwasm-storage v0.10.0 (https://github.com/enigmampc/SecretNetwork?tag=v1.0.0#490fba92)
[INFO] [stderr]    Compiling secret-toolkit-crypto v0.1.0 (https://github.com/enigmampc/secret-toolkit#87b3a5d7)
[INFO] [stderr]    Compiling secret-toolkit-snip721 v0.1.0 (https://github.com/enigmampc/secret-toolkit#87b3a5d7)
[INFO] [stderr]    Compiling secret-toolkit-snip20 v0.1.0 (https://github.com/enigmampc/secret-toolkit#87b3a5d7)
[INFO] [stderr]    Compiling secret-toolkit-storage v0.1.0 (https://github.com/enigmampc/secret-toolkit#87b3a5d7)
[INFO] [stderr]    Compiling secret-toolkit v0.1.0 (https://github.com/enigmampc/secret-toolkit#87b3a5d7)
[INFO] [stderr]    Compiling cw-secret-network-address-alias v1.0.0 (/opt/rustwide/workdir)
[INFO] [stderr]     Finished dev [unoptimized + debuginfo] target(s) in 38.26s
[INFO] running `Command { std: "docker" "inspect" "f0edc5d2976e21e6f95c8126663808b76e0472f526ef62959ed5ad4fcef1b8e1", kill_on_drop: false }`
[INFO] running `Command { std: "docker" "rm" "-f" "f0edc5d2976e21e6f95c8126663808b76e0472f526ef62959ed5ad4fcef1b8e1", kill_on_drop: false }`
[INFO] [stdout] f0edc5d2976e21e6f95c8126663808b76e0472f526ef62959ed5ad4fcef1b8e1
[INFO] running `Command { std: "docker" "create" "-v" "/var/lib/crater-agent-workspace/builds/worker-14/target:/opt/rustwide/target:rw,Z" "-v" "/var/lib/crater-agent-workspace/builds/worker-14/source:/opt/rustwide/workdir:ro,Z" "-v" "/var/lib/crater-agent-workspace/cargo-home:/opt/rustwide/cargo-home:ro,Z" "-v" "/var/lib/crater-agent-workspace/rustup-home:/opt/rustwide/rustup-home:ro,Z" "-e" "SOURCE_DIR=/opt/rustwide/workdir" "-e" "CARGO_TARGET_DIR=/opt/rustwide/target" "-e" "CARGO_INCREMENTAL=0" "-e" "RUST_BACKTRACE=full" "-e" "RUSTFLAGS=--cap-lints=forbid" "-e" "CARGO_HOME=/opt/rustwide/cargo-home" "-e" "RUSTUP_HOME=/opt/rustwide/rustup-home" "-w" "/opt/rustwide/workdir" "-m" "1610612736" "--user" "0:0" "--network" "none" "ghcr.io/rust-lang/crates-build-env/linux@sha256:20528e8c29e4536546f0102ce88568b16ea7538393a33fcca951030f7af10457" "/opt/rustwide/cargo-home/bin/cargo" "+881c1ac408d93bb7adaa3a51dabab9266e82eee8" "test" "--frozen" "--no-run" "--message-format=json", kill_on_drop: false }`
[INFO] [stdout] 3a547dd87bf00c075759736411e459bdb6c987793512a49f591a5166622f58f6
[INFO] [stderr] WARNING: Your kernel does not support swap limit capabilities or the cgroup is not mounted. Memory limited without swap.
[INFO] running `Command { std: "docker" "start" "-a" "3a547dd87bf00c075759736411e459bdb6c987793512a49f591a5166622f58f6", kill_on_drop: false }`
[INFO] [stderr]    Compiling cw-secret-network-address-alias v1.0.0 (/opt/rustwide/workdir)
[INFO] [stdout] error[E0433]: failed to resolve: use of undeclared crate or module `secret_network_address_alias`
[INFO] [stdout]  --> examples/schema.rs:6:5
[INFO] [stdout]   |
[INFO] [stdout] 6 | use secret_network_address_alias::msg::{HandleMsg, QueryMsg, SearchResponse};
[INFO] [stdout]   |     ^^^^^^^^^^^^^^^^^^^^^^^^^^^^ use of undeclared crate or module `secret_network_address_alias`
[INFO] [stdout] 
[INFO] [stdout] 
[INFO] [stdout] error[E0412]: cannot find type `HandleMsg` in this scope
[INFO] [stdout]   --> examples/schema.rs:14:32
[INFO] [stdout]    |
[INFO] [stdout] 14 |     export_schema(&schema_for!(HandleMsg), &out_dir);
[INFO] [stdout]    |                                ^^^^^^^^^ not found in this scope
[INFO] [stdout]    |
[INFO] [stdout] help: consider importing this enum
[INFO] [stdout]    |
[INFO] [stdout] 1  | use cw_secret_network_address_alias::msg::HandleMsg;
[INFO] [stdout]    |
[INFO] [stdout] 
[INFO] [stdout] 
[INFO] [stdout] error[E0412]: cannot find type `QueryMsg` in this scope
[INFO] [stdout]   --> examples/schema.rs:15:32
[INFO] [stdout]    |
[INFO] [stdout] 15 |     export_schema(&schema_for!(QueryMsg), &out_dir);
[INFO] [stdout]    |                                ^^^^^^^^ not found in this scope
[INFO] [stdout]    |
[INFO] [stdout] help: consider importing this enum
[INFO] [stdout]    |
[INFO] [stdout] 1  | use cw_secret_network_address_alias::msg::QueryMsg;
[INFO] [stdout]    |
[INFO] [stdout] 
[INFO] [stdout] 
[INFO] [stdout] error[E0412]: cannot find type `SearchResponse` in this scope
[INFO] [stdout]   --> examples/schema.rs:16:32
[INFO] [stdout]    |
[INFO] [stdout] 16 |     export_schema(&schema_for!(SearchResponse), &out_dir);
[INFO] [stdout]    |                                ^^^^^^^^^^^^^^ not found in this scope
[INFO] [stdout]    |
[INFO] [stdout] help: consider importing this struct
[INFO] [stdout]    |
[INFO] [stdout] 1  | use cw_secret_network_address_alias::msg::SearchResponse;
[INFO] [stdout]    |
[INFO] [stdout] 
[INFO] [stdout] 
[INFO] [stdout] error: aborting due to 4 previous errors
[INFO] [stdout] 
[INFO] [stdout] 
[INFO] [stdout] Some errors have detailed explanations: E0412, E0433.
[INFO] [stdout] 
[INFO] [stdout] For more information about an error, try `rustc --explain E0412`.
[INFO] [stdout] 
[INFO] [stderr] error: could not compile `cw-secret-network-address-alias`
[INFO] [stderr] 
[INFO] [stderr] To learn more, run the command again with --verbose.
[INFO] [stderr] warning: build failed, waiting for other jobs to finish...
[INFO] [stderr] error: build failed
[INFO] running `Command { std: "docker" "inspect" "3a547dd87bf00c075759736411e459bdb6c987793512a49f591a5166622f58f6", kill_on_drop: false }`
[INFO] running `Command { std: "docker" "rm" "-f" "3a547dd87bf00c075759736411e459bdb6c987793512a49f591a5166622f58f6", kill_on_drop: false }`
[INFO] [stdout] 3a547dd87bf00c075759736411e459bdb6c987793512a49f591a5166622f58f6
